
Suppose -16*m + 40 = -12*m. Let p be m/1 - (5 - 2). Suppose -p*r - 80 = -11*r. What are the prime factors of r?
2, 5
Let b = 792 - 564. Suppose 0*g + 2*h = -4*g + b, 39 = g + 5*h. Let m = g + -30. List the prime factors of m.
29
Let f = -21 + 23. Let a be 20/70*(-14)/f. What are the prime factors of (-5)/((-20)/212) + a?
3, 17
Suppose -a = -0*a + q + 69, 2*a = 4*q - 138. Let h = -44 - a. What are the prime factors of h?
5
Let f = 119 - 28. Let t = 25 + f. List the prime factors of t.
2, 29
Let o(t) = 3*t**3 + 65*t**2 + 13*t + 15. What are the prime factors of o(-19)?
2, 83
Let o(x) be the second derivative of 1/6*x**4 - 1/3*x**3 + 0 + 3*x - 7/2*x**2. What are the prime factors of o(-5)?
53
Let r(f) = f**3 - 22*f**2 + 42*f - 28. What are the prime factors of r(21)?
7, 59
Let u(x) = x**2 - 11*x + 12. Let i be u(8). Let q = 16 + i. Suppose 2*l - 2*a = 67 - 9, q*a = l - 20. List the prime factors of l.
2
Suppose -4*t + 7*o - 5*o + 14988 = 0, -t + o + 3748 = 0. What are the prime factors of t?
2, 1873
Let y = -17 - -263. Suppose 2*q = 34 - y. List the prime factors of 1/3 - q/6.
2, 3
Suppose 2*s = 2*j - 1478, -2*j = -3*s + 7*s - 1502. Suppose -c + 94 = z - 57, 2*z = -5*c + j. What are the prime factors of c?
3, 7
Let q be 603 - (-3 + 2 - -4). Suppose -8*o = -4*o - q. What are the prime factors of o?
2, 3, 5
Let c be 2/(1 + 15/(-25)). Suppose q = c*v - 1477, 2*v - 2*q - 422 = 164. What are the prime factors of v?
2, 37
Suppose 2*m - 24 = 4*m. Let n(a) = a**2 - 20*a - 35. Let y be n(20). Let f = m - y. List the prime factors of f.
23
Let t = -54 + 150. List the prime factors of t.
2, 3
Let d be (-123)/(-2) - 2/(-4). Let o be (-7)/(2*(-1)/10). Let c = d - o. What are the prime factors of c?
3
List the prime factors of (-24)/4*2/3 + 3777.
7, 11
Let s be (-3 + 0)*16/3. Let h be 2/8 + (-268)/s. Suppose -h = -11*a + 10*a. What are the prime factors of a?
17
Let f = 3902 - 2216. What are the prime factors of f?
2, 3, 281
Let n(w) = w**2 + 7*w. Let q be n(-7). Suppose -c - 2*c = q. Suppose 0 = b - 34 - c. List the prime factors of b.
2, 17
Let u(o) = -o**2 + 2*o - 7. Let p be u(6). Let l(q) = q**2 + 15*q - 77. Let z be l(-22). Let a = p + z. What are the prime factors of a?
2, 23
Suppose -3192 = -18*p + 14*p. What are the prime factors of p?
2, 3, 7, 19
Let l(a) = 178*a + 193. What are the prime factors of l(10)?
1973
Let o be 12/66 + (-57)/11. Let t = 7 + o. Suppose -t*w - 180 = -6*w + 2*b, -74 = -2*w - 3*b. List the prime factors of w.
43
Suppose b - 6673 = -b - 5*n, 3*b = 2*n + 10038. List the prime factors of b.
2, 11, 19
Let l(z) = 32*z**2 + 4*z - 1. Let o(f) = 33*f**2 + 3*f - 1. Let b(h) = -4*l(h) + 5*o(h). Let d be b(-2). Let n = d - 80. What are the prime factors of n?
3, 23
Let t(p) = -22*p**3 + 2*p**2 + 3*p - 8. Let i(l) = -21*l**3 + 2*l**2 + 3*l - 7. Let z(r) = -6*i(r) + 5*t(r). What are the prime factors of z(2)?
2, 29
Let s = -102 + 232. Let i = 189 + -131. Let p = s - i. List the prime factors of p.
2, 3
Suppose x + 10 = 3*c + 2*x, -3*x = -c + 10. Let u = -12 - c. Let o = u - -31. What are the prime factors of o?
3, 5
Suppose -8*z + 4*z = 996. Let t = z - -627. What are the prime factors of t/(-49)*14/(-3)?
2, 3
Let a(c) = -62*c + 4. Suppose 12 = -3*g - 3*g. Let b be a(g). Suppose -m = -3*t + b, -6*t = -3*t - 3*m - 138. What are the prime factors of t?
41
Suppose -212*c = -211*c - 1004. What are the prime factors of c?
2, 251
Let f = 26 + -46. What are the prime factors of 39 - 5/(25/f)?
43
Let a(q) be the first derivative of -q**4/4 + q**3/3 + 3*q**2/2 - 2*q - 6. Let m be a(4). Let i = -6 - m. List the prime factors of i.
2
Let m(n) = 10*n**3 - 32*n**2 + 21*n + 145. Let d(j) = 3*j**3 - 11*j**2 + 7*j + 48. Let g(u) = 7*d(u) - 2*m(u). What are the prime factors of g(13)?
137
Let m = -41 - -38. Let j(r) = -3*r**3 - r**2 + 2*r + 3. List the prime factors of j(m).
3, 23
Let j(v) = -v**2 - 8*v + 4 - 9 + 0 - 1. Suppose -4*k - k - 25 = 0. List the prime factors of j(k).
3
Suppose -5*y - 23 + 28 = 0. Let n(c) = 218*c + 3. What are the prime factors of n(y)?
13, 17
Let w(r) = -4*r**2 - 7*r. Let y(u) = -3*u**2 - 8*u. Let l(m) = 2*w(m) - 3*y(m). Let o be l(-10). Suppose 3*z = -o*z + 102. What are the prime factors of z?
2, 17
Suppose 33 = -16*l + 5*l. Let n(g) = -12*g**3 - g**2 + 6*g - 4. What are the prime factors of n(l)?
293
Let n(y) = 516*y + 119. List the prime factors of n(3).
1667
Suppose -2*v + 5*a = -4, -3*a = a + 8. Let h(j) = -29*j - 6. What are the prime factors of h(v)?
3
Suppose 6*b - 8 = b + 4*u, 3*b + 5*u = 27. Let h(m) = -2*m - 4*m**2 - 1 + 2*m**3 - 9*m + 2 + 5*m. What are the prime factors of h(b)?
41
Suppose o - 4*z = 32, -3*o - 2*z = z - 36. Let g = -11 + o. Suppose g*s = 7 + 88. What are the prime factors of s?
19
Suppose 4*j + 7 = 3*t + 3*j, 16 = -4*j. Let v be 44 + (1/t - 1). Suppose -3*d - 2*f = -4*d, v = 3*d + 5*f. What are the prime factors of d?
2
Let k = -182 - -2370. What are the prime factors of k?
2, 547
Suppose -3*h - 2*t = -3, h + 4 = 5*h - t. Let p(k) = 17*k + 1. What are the prime factors of p(h)?
2, 3
Suppose 3*u - 2 = 5*v + 1, 4*u = 2*v + 4. Suppose -5*f + 254 + 516 = v. What are the prime factors of f?
2, 7, 11
Let q be (-15)/(-2)*(30 - 24). Suppose -2*w = 5*r - 172, 3*w + q = 4*r - 111. List the prime factors of r.
2, 3
Let f = -4418 + -278. What are the prime factors of 4/(-26) + (-4 - f/104)?
41
Let f(g) be the second derivative of 4*g**3/3 - 13*g**2/2 - 22*g. What are the prime factors of f(7)?
43
Let i be -109*(-1)/2*2. Let y = i - 58. What are the prime factors of y?
3, 17
Suppose 806 + 2434 = 2*r. What are the prime factors of r?
2, 3, 5
Suppose -2*t - 2 = -218. Let q(p) = p**2 + 2*p + 8. Let x be q(0). Suppose x*c = 5*c + t. What are the prime factors of c?
2, 3
Let d = 270 - 79. Let c = d - 41. List the prime factors of c.
2, 3, 5
Let x be ((-2)/4)/((-6894)/(-1724) - 4). Let j = x + -299. What are the prime factors of j?
2, 3, 11
Let q = 322 - -414. What are the prime factors of q?
2, 23
Let u(s) = 10*s + 1. Let a be u(-1). Let j be (a/(-6))/(4/(-40)). List the prime factors of 4/((1 - 4)/j).
2, 5
Suppose 26 = 5*w + 3*b, -b - 6 = -3. Let f(o) = 21*o + 6. Let l be f(3). Suppose -2*z - 4*c - 124 = -w*z, -l = -3*z - 3*c. What are the prime factors of z?
2, 3
Let x = 7 - -9. Suppose g + 9 = x. Suppose -v + 34 = -g. List the prime factors of v.
41
Let d = 809 - 290. List the prime factors of d.
3, 173
Let x = -46 + 88. Suppose -5*z = 4*n + 70, -3*z = -9*n + 4*n + x. List the prime factors of (z + 5)*1/(-1).
3
Suppose -5*a + 11*a - 3786 = 0. Let b = a + -435. List the prime factors of b.
2, 7
Suppose v - 10 = -t, -2*v + 4*t = 7 + 3. Let u = v - 1. Suppose 4*z = -12, u*s - 73 = -3*z + 6*z. List the prime factors of s.
2
Suppose -8*l - 150 = -13*l. What are the prime factors of 10/l - (-322)/6?
2, 3
Let d = -38 - -15. Let v be 4/2*82/(-4). Let j = d - v. List the prime factors of j.
2, 3
List the prime factors of (-2)/4 + 2973/6.
3, 5, 11
Suppose -2*y = -0*r - 3*r - 14, -y = -r - 3. List the prime factors of r/((-3 + 2)*2).
2
Suppose 4*v = -4*m + 3076, -1671 = -2*m - 4*v - 137. List the prime factors of m.
3, 257
Suppose 0*c - 21 = 3*c. Let u = c + 4. What are the prime factors of (20 - -3) + u + 2?
2, 11
Suppose 0 = -3*z - 0*z + 15. Suppose 5 = 5*h - z. Suppose 5*f = 4*l + 43, -h*f + 1 = 5*l - 3. List the prime factors of f.
7
Suppose -5*o + 2*o = 0. Let v be o/17 - 2*1. List the prime factors of v/(-8) - (-585)/12.
7
Let o be (294/3 - -2) + -4. Let z = o - 60. What are the prime factors of z?
2, 3
Let u(o) = 14*o**2 - 4*o - 1. Suppose -f - 2 = 0, 0*f - f = -4*n - 46. Let a = 10 + n. List the prime factors of u(a).
3, 7
Suppose 0 = -2*r - h + 14, h + 26 = -2*r + 5*r. What are the prime factors of 2*(-2)/r*(-4 + -46)?
5
Let n = 5 - 21. Let b be (n/(-6))/(1/6). Suppose -u = u - b. What are the prime factors of u?
2
Let z(y) = 410*y**2. Let t be z(1). Suppose 0 = 7*v - t - 24. What are the prime factors of v?
2, 31
Suppose 455 = 3*i - 265. Suppose -i - 40 = -5*z. List the prime factors of z.
2, 7
Let u be 52/(-5) + 2/5. Let m = -5 - u. Suppose 0 = -5*y + 3*x + 164, 10*y + 4*x - 143 = m*y. List the prime factors of y.
31
Let j = 1841 - 664. List the prime factors of j.
11, 107
Let w = 37 + -36. Let o be ((-6)/4)/